d 15373226.
5438
What is the highest common factor of 477 and 2051153?
53
Calculate the greatest common divisor of 46975 and 8850.
25
Calculate the greatest common divisor of 16 and 660262.
2
What is the highest common divisor of 5058 and 18702798?
1686
What is the greatest common divisor of 247 and 159466943?
19
Calculate the highest common factor of 2849 and 154154.
77
Calculate the highest common divisor of 1663 and 67679111.
1663
What is the highest common divisor of 66740 and 4080305?
235
What is the greatest common divisor of 57 and 26022913?
19
What is the greatest common divisor of 660393 and 876339?
2511
What is the greatest common divisor of 629980 and 208?
52
Calculate the greatest common divisor of 748989 and 558.
9
Calculate the greatest common divisor of 3003926 and 944.
118
What is the greatest common divisor of 13632 and 230848?
64
What is the greatest common divisor of 31888245 and 7791?
159
What is the greatest common factor of 26396735 and 1420?
355
What is the greatest common divisor of 98651 and 516341?
119
Calculate the highest common divisor of 2349930 and 109780.
110
Calculate the highest common factor of 489 and 456201955.
163
What is the greatest common divisor of 23049 and 1179?
9
What is the highest common divisor of 450 and 53689450?
50
What is the greatest common factor of 21857916 and 24?
12
Calculate the greatest common divisor of 34442833 and 1565.
313
What is the highest common factor of 1193 and 4444630063?
1193
What is the greatest common factor of 678524257 and 863?
863
What is the greatest common divisor of 9858 and 220585894?
3286
What is the highest common factor of 38 and 20654?
2
Calculate the highest common divisor of 28846564 and 20.
4
Calculate the greatest common factor of 15432433 and 914.
457
What is the highest common divisor of 4181667 and 963?
321
Calculate the highest common divisor of 17 and 7661662.
17
What is the highest common factor of 232333483 and 311?
311
What is the greatest common factor of 257583 and 12084?
57
What is the highest common divisor of 28013 and 226417?
257
What is the highest common factor of 127666647 and 679?
97
Calculate the highest common divisor of 7428456 and 288.
72
What is the highest common factor of 39075 and 64604?
521
Calculate the greatest common factor of 181937235 and 3525.
705
Calculate the highest common factor of 223176918 and 6222.
6222
What is the highest common divisor of 11591 and 12199095?
173
What is the greatest common factor of 8208 and 246564864?
432
What is the greatest common factor of 115902 and 11140974?
846
What is the greatest common factor of 3581798 and 153?
17
Calculate the greatest common divisor of 287 and 367975041.
287
What is the greatest common divisor of 401825 and 25?
25
Calculate the highest common factor of 27819 and 51711.
33
Calculate the highest common factor of 440 and 39842.
22
Calculate the highest common factor of 2186243 and 164.
41
Calculate the highest common factor of 63 and 155388702.
21
Calculate the highest common factor of 957205 and 20.
5
Calculate the highest common divisor of 39510 and 3045.
15
What is the highest common divisor of 240562 and 10598?
14
Calculate the greatest common divisor of 96292 and 532.
532
Calculate the highest common factor of 1224 and 105431688.
1224
What is the highest common divisor of 118 and 214038725?
59
Calculate the highest common factor of 2334 and 102813478.
778
Calculate the greatest common factor of 1867755 and 2829.
123
Calculate the highest common factor of 43367625 and 819.
63
Calculate the greatest common divisor of 1448104 and 175569.
1361
What is the greatest common factor of 8365128 and 16?
8
Calculate the greatest common divisor of 43150 and 306390890.
8630
What is the greatest common divisor of 631 and 22120967?
631
Calculate the greatest common factor of 840892 and 921276.
628
Calculate the greatest common divisor of 30636 and 555312.
276
What is the highest common divisor of 20690 and 52310?
10
What is the greatest common factor of 1288 and 244832?
56
Calculate the greatest common factor of 2075333219 and 37.
37
What is the greatest common divisor of 16445 and 4054325?
1265
Calculate the greatest common factor of 16920 and 10570864.
376
Calculate the greatest common factor of 4668 and 61854112.
1556
Calculate the greatest common divisor of 2716 and 313458313.
679
What is the greatest common factor of 212935 and 4078695?
185
Calculate the highest common factor of 10892 and 232558204.
1556
Calculate the greatest common divisor of 528 and 7991736.
24
Calculate the greatest common factor of 486846 and 1360.
34
What is the highest common divisor of 3560450 and 15?
5
Calculate the highest common factor of 551485 and 2805.
55
Calculate the highest common divisor of 7711115 and 6120.
85
What is the greatest common divisor of 9075 and 30807975?
825
What is the highest common factor of 32912 and 33209?
11
What is the greatest common divisor of 5258319 and 10085?
2017
Calculate the greatest common factor of 293669 and 99419.
37
What is the greatest common factor of 73660980 and 120?
60
Calculate the greatest common factor of 258 and 36670443.
129
What is the highest common divisor of 14866650 and 450?
450
Calculate the greatest common factor of 2261 and 55573.
119
Calculate the highest common divisor of 3622729 and 1342.
671
Calculate the greatest common divisor of 50592 and 442959.
93
Calculate the greatest common divisor of 5563904 and 160.
32
Calculate the greatest common factor of 139589278 and 17.
17
What is the greatest common factor of 3978 and 887043?
51
Calculate the highest common factor of 2516 and 2583388.
68
Calculate the greatest common divisor of 36911063 and 2482.
1241
What is the highest common divisor of 3430024 and 27950?
1118
What is the greatest common divisor of 28114868 and 1164?
388
What is the greatest common divisor of 49 and 363344506?
49
Calculate the greatest common divisor of 22663680 and 221520.
3120
What is the highest common divisor of 954560 and 82880?
320
What is the highest common divisor of 76382 and 258053?
211
Calculate the greatest common factor of 24 and 240168.
24
What is the greatest common factor of 199782684 and 17715?
3543
Calculate the greatest common factor of 1646164 and 1664.
52
What is the greatest common factor of 1535 and 31668278?
307
Calculate the highest common divisor of 1783 and 184727715.
1783
Calculate the highest common factor of 155 and 2442893.
31
Calculate the highest common divisor of 3660 and 3869835.
15
Calculate the greatest common divisor of 95357029 and 10302.
1717
What is the highest common factor of 192 and 9347496?
24
Calculate the greatest common divisor of 4028665 and 190.
95
What is the greatest common divisor of 22724 and 3501244?
1748
What is the greatest common divisor of 363 and 30011388?
363
Calculate the highest common factor of 259164 and 6304446.
5634
What is the highest common divisor of 76194 and 151143?
249
Calculate the greatest common factor of 129626 and 2139158.
658
What is the highest common factor of 8378670 and 667?
23
Calculate the highest common divisor of 6253513 and 301.
7
Calculate the highest common factor of 13043412 and 4428.
1476
What is the highest common factor of 16310475 and 14200?
1775
What is the greatest common divisor of 16348 and 36783?
4087
Calculate the highest common divisor of 6425 and 63725.
25
What is the highest common divisor of 55 and 32204293?
11
Calculate the highest common divisor of 18170974 and 27466.
886
Calculate the highest common divisor of 6816879 and 5195.
1039
What is the greatest common factor of 55942000 and 16000?
2000
What is the highest common factor of 5417452 and 135026?
746
Calculate the greatest common factor of 6283781 and 14.
7
What is the highest common factor of 27426398 and 17366?
914
Calculate the highest common divisor of 21953676 and 96.
12
Calculate the highest common divisor of 1224 and 1577832.
24
Calculate the highest common divisor of 4304 and 130038904.
2152
What is the greatest common divisor of 166077 and 16929?
27
Calculate the highest common factor of 9330 and 35760.
30
What is the greatest common factor of 2099152 and 4752?
176
Calculate the highest common divisor of 1913690 and 11645.
85
Calculate the greate